{"id":16655,"date":"2024-01-30T11:51:44","date_gmt":"2024-01-30T11:51:44","guid":{"rendered":"https:\/\/academialuisatodi.pt\/teste2026\/?page_id=16655"},"modified":"2026-03-27T15:29:10","modified_gmt":"2026-03-27T15:29:10","slug":"politica-de-cookies","status":"publish","type":"page","link":"https:\/\/academialuisatodi.pt\/teste2026\/politica-de-cookies\/","title":{"rendered":"Pol\u00edtica de Cookies"},"content":{"rendered":"\t\t<div data-elementor-type=\"wp-post\" data-elementor-id=\"16655\" class=\"elementor elementor-16655\" data-elementor-post-type=\"page\">\n\t\t\t\t\t\t<section data-particle_enable=\"false\" data-particle-mobile-disabled=\"false\" class=\"elementor-section elementor-top-section elementor-element elementor-element-ae58bac elementor-section-stretched elementor-section-boxed elementor-section-height-default elementor-section-height-default\" data-id=\"ae58bac\" data-element_type=\"section\" data-e-type=\"section\" data-settings=\"{&quot;background_background&quot;:&quot;classic&quot;,&quot;stretch_section&quot;:&quot;section-stretched&quot;}\">\n\t\t\t\t\t\t<div class=\"elementor-container elementor-column-gap-default\">\n\t\t\t\t\t<div class=\"elementor-column elementor-col-100 elementor-top-column elementor-element elementor-element-a0e84c2\" data-id=\"a0e84c2\" data-element_type=\"column\" data-e-type=\"column\">\n\t\t\t<div class=\"elementor-widget-wrap elementor-element-populated\">\n\t\t\t\t\t\t<section data-particle_enable=\"false\" data-particle-mobile-disabled=\"false\" class=\"elementor-section elementor-inner-section elementor-element elementor-element-0d7e320 elementor-section-boxed elementor-section-height-default elementor-section-height-default\" data-id=\"0d7e320\" data-element_type=\"section\" data-e-type=\"section\">\n\t\t\t\t\t\t<div class=\"elementor-container elementor-column-gap-default\">\n\t\t\t\t\t<div class=\"elementor-column elementor-col-33 elementor-inner-column elementor-element elementor-element-4caa2bc\" data-id=\"4caa2bc\" data-element_type=\"column\" data-e-type=\"column\">\n\t\t\t<div class=\"elementor-widget-wrap\">\n\t\t\t\t\t\t\t<\/div>\n\t\t<\/div>\n\t\t\t\t<div class=\"elementor-column elementor-col-33 elementor-inner-column elementor-element elementor-element-a1cff3c\" data-id=\"a1cff3c\" data-element_type=\"column\" data-e-type=\"column\">\n\t\t\t<div class=\"elementor-widget-wrap elementor-element-populated\">\n\t\t\t\t\t\t<div class=\"elementor-element elementor-element-6e22ff0 elementor-widget elementor-widget-text-editor\" data-id=\"6e22ff0\" data-element_type=\"widget\" data-e-type=\"widget\" data-widget_type=\"text-editor.default\">\n\t\t\t\t<div class=\"elementor-widget-container\">\n\t\t\t\t\t\t\t\t\t<p>ACADEMIA LU\u00cdSA TODI<\/p>\t\t\t\t\t\t\t\t<\/div>\n\t\t\t\t<\/div>\n\t\t\t\t<div class=\"elementor-element elementor-element-6b84e54 elementor-widget elementor-widget-heading\" data-id=\"6b84e54\" data-element_type=\"widget\" data-e-type=\"widget\" data-widget_type=\"heading.default\">\n\t\t\t\t<div class=\"elementor-widget-container\">\n\t\t\t\t\t<h2 class=\"elementor-heading-title elementor-size-default\">Pol\u00edtica de Cookies<\/h2>\t\t\t\t<\/div>\n\t\t\t\t<\/div>\n\t\t\t\t\t<\/div>\n\t\t<\/div>\n\t\t\t\t<div class=\"elementor-column elementor-col-33 elementor-inner-column elementor-element elementor-element-1a72ba3\" data-id=\"1a72ba3\" data-element_type=\"column\" data-e-type=\"column\">\n\t\t\t<div class=\"elementor-widget-wrap\">\n\t\t\t\t\t\t\t<\/div>\n\t\t<\/div>\n\t\t\t\t\t<\/div>\n\t\t<\/section>\n\t\t\t\t\t<\/div>\n\t\t<\/div>\n\t\t\t\t\t<\/div>\n\t\t<\/section>\n\t\t\t\t<section data-particle_enable=\"false\" data-particle-mobile-disabled=\"false\" class=\"elementor-section elementor-top-section elementor-element elementor-element-2f50870 elementor-section-stretched elementor-section-boxed elementor-section-height-default elementor-section-height-default\" data-id=\"2f50870\" data-element_type=\"section\" data-e-type=\"section\" data-settings=\"{&quot;background_background&quot;:&quot;classic&quot;,&quot;stretch_section&quot;:&quot;section-stretched&quot;}\">\n\t\t\t\t\t\t<div class=\"elementor-container elementor-column-gap-default\">\n\t\t\t\t\t<div class=\"elementor-column elementor-col-100 elementor-top-column elementor-element elementor-element-ea7960b\" data-id=\"ea7960b\" data-element_type=\"column\" data-e-type=\"column\">\n\t\t\t<div class=\"elementor-widget-wrap elementor-element-populated\">\n\t\t\t\t\t\t<div class=\"elementor-element elementor-element-26a183c elementor-widget elementor-widget-text-editor\" data-id=\"26a183c\" data-element_type=\"widget\" data-e-type=\"widget\" data-widget_type=\"text-editor.default\">\n\t\t\t\t<div class=\"elementor-widget-container\">\n\t\t\t\t\t\t\t\t\t<p>Data de vig\u00eancia: 30-Jan-2024 <br \/>\u00daltima atualiza\u00e7\u00e3o: 30-Jan-2024<\/p><p>\u00a0<\/p><p><strong>O que s\u00e3o cookies?<\/strong><\/p><p>Esta Pol\u00edtica de Cookies explica o que s\u00e3o cookies e como os utilizamos, os tipos de cookies que utilizamos, ou seja, as informa\u00e7\u00f5es que recolhemos utilizando cookies e como essas informa\u00e7\u00f5es s\u00e3o utilizadas, e como gerir as defini\u00e7\u00f5es de cookies.<br \/>Os cookies s\u00e3o pequenos ficheiros de texto que s\u00e3o utilizados para armazenar pequenas informa\u00e7\u00f5es. S\u00e3o armazenados no seu dispositivo quando o s\u00edtio Web \u00e9 carregado no seu navegador. Estes cookies ajudam-nos a fazer com que o s\u00edtio Web funcione corretamente, a torn\u00e1-lo mais seguro, a proporcionar uma melhor experi\u00eancia ao utilizador e a compreender o desempenho do s\u00edtio Web, bem como a analisar o que funciona e onde \u00e9 necess\u00e1rio melhorar.<\/p><p>\u00a0<\/p><p><strong>Como utilizamos os cookies?<\/strong><\/p><p>Tal como a maioria dos servi\u00e7os em linha, o nosso s\u00edtio Web utiliza cookies pr\u00f3prios e de terceiros para diversos fins. Os cookies pr\u00f3prios s\u00e3o necess\u00e1rios para que o s\u00edtio Web funcione corretamente e n\u00e3o recolhem quaisquer dados pessoais identific\u00e1veis do utilizador.<br \/>Os cookies de terceiros utilizados no nosso s\u00edtio Web destinam-se principalmente a compreender o desempenho do s\u00edtio Web, a forma como o utilizador interage com o nosso s\u00edtio Web, a manter os nossos servi\u00e7os seguros, a fornecer an\u00fancios relevantes para o utilizador e, em suma, a proporcionar-lhe uma experi\u00eancia de utilizador melhor e mais aperfei\u00e7oada e a ajudar a acelerar as suas futuras interac\u00e7\u00f5es com o nosso s\u00edtio Web.<\/p><p>\u00a0<\/p><p><strong>Tipos de Cookies que utilizamos <\/strong><\/p>\t\t\t\t\t\t\t\t<\/div>\n\t\t\t\t<\/div>\n\t\t\t\t<div class=\"elementor-element elementor-element-4dbd36f elementor-widget elementor-widget-html\" data-id=\"4dbd36f\" data-element_type=\"widget\" data-e-type=\"widget\" data-widget_type=\"html.default\">\n\t\t\t\t<div class=\"elementor-widget-container\">\n\t\t\t\t\t    <div class=\"cky-audit-table-element\"><\/div>\r\n\t\t\t\t<\/div>\n\t\t\t\t<\/div>\n\t\t\t\t<div class=\"elementor-element elementor-element-b481650 elementor-widget__width-initial elementor-widget elementor-widget-text-editor\" data-id=\"b481650\" data-element_type=\"widget\" data-e-type=\"widget\" data-widget_type=\"text-editor.default\">\n\t\t\t\t<div class=\"elementor-widget-container\">\n\t\t\t\t\t\t\t\t\t<p><span style=\"letter-spacing: 0px;\"><b>Gerir prefer\u00eancias de cookies<\/b><\/span><\/p>\t\t\t\t\t\t\t\t<\/div>\n\t\t\t\t<\/div>\n\t\t\t\t<div class=\"elementor-element elementor-element-bc93a52 elementor-widget elementor-widget-html\" data-id=\"bc93a52\" data-element_type=\"widget\" data-e-type=\"widget\" data-widget_type=\"html.default\">\n\t\t\t\t<div class=\"elementor-widget-container\">\n\t\t\t\t\t    <a class=\"cky-banner-element\">Cookie Settings<\/a> <br\/>\r\n\t\t\t\t<\/div>\n\t\t\t\t<\/div>\n\t\t\t\t<div class=\"elementor-element elementor-element-c6a1dc1 elementor-widget elementor-widget-text-editor\" data-id=\"c6a1dc1\" data-element_type=\"widget\" data-e-type=\"widget\" data-widget_type=\"text-editor.default\">\n\t\t\t\t<div class=\"elementor-widget-container\">\n\t\t\t\t\t\t\t\t\t<p>Pode alterar as suas prefer\u00eancias de cookies em qualquer altura, clicando no bot\u00e3o acima. Isto permitir-lhe-\u00e1 voltar a visitar a faixa de consentimento de cookies e alterar as suas prefer\u00eancias ou retirar o seu consentimento de imediato.<\/p><p>Al\u00e9m disso, diferentes navegadores fornecem diferentes m\u00e9todos para bloquear e apagar os cookies utilizados pelos s\u00edtios Web. Pode alterar as defini\u00e7\u00f5es do seu navegador para bloquear\/eliminar os cookies. Seguem-se as liga\u00e7\u00f5es para os documentos de apoio sobre como gerir e eliminar cookies dos principais navegadores Web.<\/p><p>Chrome:<\/p><p><a href=\"https:\/\/support.google.com\/accounts\/answer\/32050\">https:\/\/support.google.com\/accounts\/answer\/32050<\/a><\/p><p>Safari:<\/p><p><a href=\"https:\/\/support.apple.com\/en-in\/guide\/safari\/sfri11471\/mac\">https:\/\/support.apple.com\/en-in\/guide\/safari\/sfri11471\/mac<\/a><\/p><p>Firefox:<\/p><p><a href=\"https:\/\/support.mozilla.org\/en-US\/kb\/clear-cookies-and-site-data-firefox?redirectslug=delete-cookies-remove-info-websites-stored&amp;redirectlocale=en-US\">https:\/\/support.mozilla.org\/en-US\/kb\/clear-cookies-and-site-data-firefox?redirectslug=delete-cookies-remove-info-websites-stored&amp;redirectlocale=en-US<\/a><\/p><p>Internet Explorer:<\/p><p><a href=\"https:\/\/support.microsoft.com\/en-us\/topic\/how-to-delete-cookie-files-in-internet-explorer-bca9446f-d873-78de-77ba-d42645fa52fc\">https:\/\/support.microsoft.com\/en-us\/topic\/how-to-delete-cookie-files-in-internet-explorer-bca9446f-d873-78de-77ba-d42645fa52fc<\/a><\/p><p>Se estiver a utilizar qualquer outro navegador Web, consulte os documentos de apoio oficiais do seu navegador.<\/p>\t\t\t\t\t\t\t\t<\/div>\n\t\t\t\t<\/div>\n\t\t\t\t\t<\/div>\n\t\t<\/div>\n\t\t\t\t\t<\/div>\n\t\t<\/section>\n\t\t\t\t<section data-particle_enable=\"false\" data-particle-mobile-disabled=\"false\" class=\"elementor-section elementor-top-section elementor-element elementor-element-f699b4f elementor-section-stretched elementor-section-boxed elementor-section-height-default elementor-section-height-default\" data-id=\"f699b4f\" data-element_type=\"section\" data-e-type=\"section\" data-settings=\"{&quot;background_background&quot;:&quot;classic&quot;,&quot;stretch_section&quot;:&quot;section-stretched&quot;}\">\n\t\t\t\t\t\t<div class=\"elementor-container elementor-column-gap-default\">\n\t\t\t\t\t<div class=\"elementor-column elementor-col-50 elementor-top-column elementor-element elementor-element-612b925\" data-id=\"612b925\" data-element_type=\"column\" data-e-type=\"column\">\n\t\t\t<div class=\"elementor-widget-wrap elementor-element-populated\">\n\t\t\t\t\t\t<div class=\"elementor-element elementor-element-2e68f57 elementor-widget elementor-widget-text-editor\" data-id=\"2e68f57\" data-element_type=\"widget\" data-e-type=\"widget\" data-widget_type=\"text-editor.default\">\n\t\t\t\t<div class=\"elementor-widget-container\">\n\t\t\t\t\t\t\t\t\t<p>ESCOLHA A ACADEMIA CERTA<\/p>\t\t\t\t\t\t\t\t<\/div>\n\t\t\t\t<\/div>\n\t\t\t\t<div class=\"elementor-element elementor-element-ddf3e92 elementor-widget elementor-widget-heading\" data-id=\"ddf3e92\" data-element_type=\"widget\" data-e-type=\"widget\" data-widget_type=\"heading.default\">\n\t\t\t\t<div class=\"elementor-widget-container\">\n\t\t\t\t\t<h4 class=\"elementor-heading-title elementor-size-default\">O futuro do seu filho come\u00e7a aqui<\/h4>\t\t\t\t<\/div>\n\t\t\t\t<\/div>\n\t\t\t\t\t<\/div>\n\t\t<\/div>\n\t\t\t\t<div class=\"elementor-column elementor-col-50 elementor-top-column elementor-element elementor-element-e957423\" data-id=\"e957423\" data-element_type=\"column\" data-e-type=\"column\">\n\t\t\t<div class=\"elementor-widget-wrap elementor-element-populated\">\n\t\t\t\t\t\t<section data-particle_enable=\"false\" data-particle-mobile-disabled=\"false\" class=\"elementor-section elementor-inner-section elementor-element elementor-element-a98b093 elementor-section-boxed elementor-section-height-default elementor-section-height-default\" data-id=\"a98b093\" data-element_type=\"section\" data-e-type=\"section\">\n\t\t\t\t\t\t<div class=\"elementor-container elementor-column-gap-no\">\n\t\t\t\t\t<div class=\"elementor-column elementor-col-50 elementor-inner-column elementor-element elementor-element-e92e075\" data-id=\"e92e075\" data-element_type=\"column\" data-e-type=\"column\">\n\t\t\t<div class=\"elementor-widget-wrap elementor-element-populated\">\n\t\t\t\t\t\t<div class=\"elementor-element elementor-element-34a23ae elementor-align-center elementor-widget elementor-widget-elementskit-button\" data-id=\"34a23ae\" data-element_type=\"widget\" data-e-type=\"widget\" data-widget_type=\"elementskit-button.default\">\n\t\t\t\t<div class=\"elementor-widget-container\">\n\t\t\t\t\t<div class=\"ekit-wid-con\" >\t\t<div class=\"ekit-btn-wraper\">\n\t\t\t\t\t\t\t<a href=\"https:\/\/academialuisatodi.pt\/teste2026\/contatos\/\" class=\"elementskit-btn  whitespace--normal\" id=\"\">\n\t\t\t\t\tAGENDAR VISITA<svg class=\"fas ekit-svg-icon icon-arrow-right\" viewBox=\"0 0 32 32\" xmlns=\"http:\/\/www.w3.org\/2000\/svg\"><path d=\"M30.966 16.234l-9.6-9.6c-0.312-0.312-0.819-0.312-1.131 0s-0.312 0.819 0 1.131l8.234 8.234h-26.069c-0.442 0-0.8 0.358-0.8 0.8s0.358 0.8 0.8 0.8h26.069l-8.234 8.234c-0.312 0.312-0.312 0.819 0 1.131 0.156 0.156 0.361 0.234 0.566 0.234s0.409-0.078 0.566-0.234l9.6-9.6c0.312-0.312 0.312-0.819 0-1.131z\"><\/path><\/svg>\t\t\t\t<\/a>\n\t\t\t\t\t<\/div>\n        <\/div>\t\t\t\t<\/div>\n\t\t\t\t<\/div>\n\t\t\t\t\t<\/div>\n\t\t<\/div>\n\t\t\t\t<div class=\"elementor-column elementor-col-50 elementor-inner-column elementor-element elementor-element-ae8f70e\" data-id=\"ae8f70e\" data-element_type=\"column\" data-e-type=\"column\">\n\t\t\t<div class=\"elementor-widget-wrap elementor-element-populated\">\n\t\t\t\t\t\t<div class=\"elementor-element elementor-element-d71e529 elementor-align-center elementor-widget elementor-widget-elementskit-button\" data-id=\"d71e529\" data-element_type=\"widget\" data-e-type=\"widget\" data-widget_type=\"elementskit-button.default\">\n\t\t\t\t<div class=\"elementor-widget-container\">\n\t\t\t\t\t<div class=\"ekit-wid-con\" >\t\t<div class=\"ekit-btn-wraper\">\n\t\t\t\t\t\t\t<a href=\"https:\/\/academialuisatodi.pt\/teste2026\/inscricoes-e-precario\/\" class=\"elementskit-btn  whitespace--normal\" id=\"\">\n\t\t\t\t\tFAZER PR\u00c9-INSCRI\u00c7\u00c3O<svg class=\"fas ekit-svg-icon icon-arrow-right\" viewBox=\"0 0 32 32\" xmlns=\"http:\/\/www.w3.org\/2000\/svg\"><path d=\"M30.966 16.234l-9.6-9.6c-0.312-0.312-0.819-0.312-1.131 0s-0.312 0.819 0 1.131l8.234 8.234h-26.069c-0.442 0-0.8 0.358-0.8 0.8s0.358 0.8 0.8 0.8h26.069l-8.234 8.234c-0.312 0.312-0.312 0.819 0 1.131 0.156 0.156 0.361 0.234 0.566 0.234s0.409-0.078 0.566-0.234l9.6-9.6c0.312-0.312 0.312-0.819 0-1.131z\"><\/path><\/svg>\t\t\t\t<\/a>\n\t\t\t\t\t<\/div>\n        <\/div>\t\t\t\t<\/div>\n\t\t\t\t<\/div>\n\t\t\t\t\t<\/div>\n\t\t<\/div>\n\t\t\t\t\t<\/div>\n\t\t<\/section>\n\t\t\t\t\t<\/div>\n\t\t<\/div>\n\t\t\t\t\t<\/div>\n\t\t<\/section>\n\t\t\t\t<\/div>\n\t\t","protected":false},"excerpt":{"rendered":"<p>ACADEMIA LU\u00cdSA TODI Pol\u00edtica de Cookies Data de vig\u00eancia: 30-Jan-2024&hellip;<\/p>\n<p> <a class=\"more-link\" href=\"https:\/\/academialuisatodi.pt\/teste2026\/politica-de-cookies\/\">Read more<\/a><\/p>\n","protected":false},"author":5,"featured_media":1,"parent":0,"menu_order":0,"comment_status":"closed","ping_status":"closed","template":"","meta":{"footnotes":""},"class_list":["post-16655","page","type-page","status-publish","has-post-thumbnail"],"yoast_head":"<!-- This site is optimized with the Yoast SEO plugin v27.3 - https:\/\/yoast.com\/product\/yoast-seo-wordpress\/ -->\n<title>Pol\u00edtica de Cookies - Academia Lu\u00edsa Todi<\/title>\n<meta name=\"robots\" content=\"index, follow, max-snippet:-1, max-image-preview:large, max-video-preview:-1\" \/>\n<link rel=\"canonical\" href=\"https:\/\/academialuisatodi.pt\/teste2026\/politica-de-cookies\/\" \/>\n<meta property=\"og:locale\" content=\"pt_PT\" \/>\n<meta property=\"og:type\" content=\"article\" \/>\n<meta property=\"og:title\" content=\"Pol\u00edtica de Cookies - Academia Lu\u00edsa Todi\" \/>\n<meta property=\"og:description\" content=\"ACADEMIA LU\u00cdSA TODI Pol\u00edtica de Cookies Data de vig\u00eancia: 30-Jan-2024&hellip;  Read more\" \/>\n<meta property=\"og:url\" content=\"https:\/\/academialuisatodi.pt\/teste2026\/politica-de-cookies\/\" \/>\n<meta property=\"og:site_name\" content=\"Academia Lu\u00edsa Todi\" \/>\n<meta property=\"article:publisher\" content=\"https:\/\/www.facebook.com\/academialuisatodi\/\" \/>\n<meta property=\"article:modified_time\" content=\"2026-03-27T15:29:10+00:00\" \/>\n<meta name=\"twitter:card\" content=\"summary_large_image\" \/>\n<meta name=\"twitter:label1\" content=\"Tempo estimado de leitura\" \/>\n\t<meta name=\"twitter:data1\" content=\"3 minutos\" \/>\n<script type=\"application\/ld+json\" class=\"yoast-schema-graph\">{\"@context\":\"https:\\\/\\\/schema.org\",\"@graph\":[{\"@type\":\"WebPage\",\"@id\":\"https:\\\/\\\/academialuisatodi.pt\\\/teste2026\\\/politica-de-cookies\\\/\",\"url\":\"https:\\\/\\\/academialuisatodi.pt\\\/teste2026\\\/politica-de-cookies\\\/\",\"name\":\"Pol\u00edtica de Cookies - Academia Lu\u00edsa Todi\",\"isPartOf\":{\"@id\":\"https:\\\/\\\/academialuisatodi.pt\\\/teste2026\\\/#website\"},\"primaryImageOfPage\":{\"@id\":\"https:\\\/\\\/academialuisatodi.pt\\\/teste2026\\\/politica-de-cookies\\\/#primaryimage\"},\"image\":{\"@id\":\"https:\\\/\\\/academialuisatodi.pt\\\/teste2026\\\/politica-de-cookies\\\/#primaryimage\"},\"thumbnailUrl\":\"\",\"datePublished\":\"2024-01-30T11:51:44+00:00\",\"dateModified\":\"2026-03-27T15:29:10+00:00\",\"breadcrumb\":{\"@id\":\"https:\\\/\\\/academialuisatodi.pt\\\/teste2026\\\/politica-de-cookies\\\/#breadcrumb\"},\"inLanguage\":\"pt-PT\",\"potentialAction\":[{\"@type\":\"ReadAction\",\"target\":[\"https:\\\/\\\/academialuisatodi.pt\\\/teste2026\\\/politica-de-cookies\\\/\"]}]},{\"@type\":\"ImageObject\",\"inLanguage\":\"pt-PT\",\"@id\":\"https:\\\/\\\/academialuisatodi.pt\\\/teste2026\\\/politica-de-cookies\\\/#primaryimage\",\"url\":\"\",\"contentUrl\":\"\"},{\"@type\":\"BreadcrumbList\",\"@id\":\"https:\\\/\\\/academialuisatodi.pt\\\/teste2026\\\/politica-de-cookies\\\/#breadcrumb\",\"itemListElement\":[{\"@type\":\"ListItem\",\"position\":1,\"name\":\"In\u00edcio\",\"item\":\"https:\\\/\\\/academialuisatodi.pt\\\/teste2026\\\/\"},{\"@type\":\"ListItem\",\"position\":2,\"name\":\"Pol\u00edtica de Cookies\"}]},{\"@type\":\"WebSite\",\"@id\":\"https:\\\/\\\/academialuisatodi.pt\\\/teste2026\\\/#website\",\"url\":\"https:\\\/\\\/academialuisatodi.pt\\\/teste2026\\\/\",\"name\":\"Academia Lu\u00edsa Todi\",\"description\":\"Academia de M\u00fasica e Belas Artes em Set\u00fabal\",\"publisher\":{\"@id\":\"https:\\\/\\\/academialuisatodi.pt\\\/teste2026\\\/#organization\"},\"potentialAction\":[{\"@type\":\"SearchAction\",\"target\":{\"@type\":\"EntryPoint\",\"urlTemplate\":\"https:\\\/\\\/academialuisatodi.pt\\\/teste2026\\\/?s={search_term_string}\"},\"query-input\":{\"@type\":\"PropertyValueSpecification\",\"valueRequired\":true,\"valueName\":\"search_term_string\"}}],\"inLanguage\":\"pt-PT\"},{\"@type\":\"Organization\",\"@id\":\"https:\\\/\\\/academialuisatodi.pt\\\/teste2026\\\/#organization\",\"name\":\"Academia Luisa Todi\",\"alternateName\":\"ALT\",\"url\":\"https:\\\/\\\/academialuisatodi.pt\\\/teste2026\\\/\",\"logo\":{\"@type\":\"ImageObject\",\"inLanguage\":\"pt-PT\",\"@id\":\"https:\\\/\\\/academialuisatodi.pt\\\/teste2026\\\/#\\\/schema\\\/logo\\\/image\\\/\",\"url\":\"https:\\\/\\\/academialuisatodi.pt\\\/teste2026\\\/wp-content\\\/uploads\\\/2023\\\/11\\\/cropped-WEBSITE_Editaveis-03.png\",\"contentUrl\":\"https:\\\/\\\/academialuisatodi.pt\\\/teste2026\\\/wp-content\\\/uploads\\\/2023\\\/11\\\/cropped-WEBSITE_Editaveis-03.png\",\"width\":354,\"height\":132,\"caption\":\"Academia Luisa Todi\"},\"image\":{\"@id\":\"https:\\\/\\\/academialuisatodi.pt\\\/teste2026\\\/#\\\/schema\\\/logo\\\/image\\\/\"},\"sameAs\":[\"https:\\\/\\\/www.facebook.com\\\/academialuisatodi\\\/\",\"https:\\\/\\\/www.youtube.com\\\/user\\\/LuisaTodiAcademia\",\"https:\\\/\\\/www.instagram.com\\\/academialuisatodi\\\/\",\"https:\\\/\\\/issuu.com\\\/academialuisatodi\"]}]}<\/script>\n<!-- \/ Yoast SEO plugin. -->","yoast_head_json":{"title":"Pol\u00edtica de Cookies - Academia Lu\u00edsa Todi","robots":{"index":"index","follow":"follow","max-snippet":"max-snippet:-1","max-image-preview":"max-image-preview:large","max-video-preview":"max-video-preview:-1"},"canonical":"https:\/\/academialuisatodi.pt\/teste2026\/politica-de-cookies\/","og_locale":"pt_PT","og_type":"article","og_title":"Pol\u00edtica de Cookies - Academia Lu\u00edsa Todi","og_description":"ACADEMIA LU\u00cdSA TODI Pol\u00edtica de Cookies Data de vig\u00eancia: 30-Jan-2024&hellip;  Read more","og_url":"https:\/\/academialuisatodi.pt\/teste2026\/politica-de-cookies\/","og_site_name":"Academia Lu\u00edsa Todi","article_publisher":"https:\/\/www.facebook.com\/academialuisatodi\/","article_modified_time":"2026-03-27T15:29:10+00:00","twitter_card":"summary_large_image","twitter_misc":{"Tempo estimado de leitura":"3 minutos"},"schema":{"@context":"https:\/\/schema.org","@graph":[{"@type":"WebPage","@id":"https:\/\/academialuisatodi.pt\/teste2026\/politica-de-cookies\/","url":"https:\/\/academialuisatodi.pt\/teste2026\/politica-de-cookies\/","name":"Pol\u00edtica de Cookies - Academia Lu\u00edsa Todi","isPartOf":{"@id":"https:\/\/academialuisatodi.pt\/teste2026\/#website"},"primaryImageOfPage":{"@id":"https:\/\/academialuisatodi.pt\/teste2026\/politica-de-cookies\/#primaryimage"},"image":{"@id":"https:\/\/academialuisatodi.pt\/teste2026\/politica-de-cookies\/#primaryimage"},"thumbnailUrl":"","datePublished":"2024-01-30T11:51:44+00:00","dateModified":"2026-03-27T15:29:10+00:00","breadcrumb":{"@id":"https:\/\/academialuisatodi.pt\/teste2026\/politica-de-cookies\/#breadcrumb"},"inLanguage":"pt-PT","potentialAction":[{"@type":"ReadAction","target":["https:\/\/academialuisatodi.pt\/teste2026\/politica-de-cookies\/"]}]},{"@type":"ImageObject","inLanguage":"pt-PT","@id":"https:\/\/academialuisatodi.pt\/teste2026\/politica-de-cookies\/#primaryimage","url":"","contentUrl":""},{"@type":"BreadcrumbList","@id":"https:\/\/academialuisatodi.pt\/teste2026\/politica-de-cookies\/#breadcrumb","itemListElement":[{"@type":"ListItem","position":1,"name":"In\u00edcio","item":"https:\/\/academialuisatodi.pt\/teste2026\/"},{"@type":"ListItem","position":2,"name":"Pol\u00edtica de Cookies"}]},{"@type":"WebSite","@id":"https:\/\/academialuisatodi.pt\/teste2026\/#website","url":"https:\/\/academialuisatodi.pt\/teste2026\/","name":"Academia Lu\u00edsa Todi","description":"Academia de M\u00fasica e Belas Artes em Set\u00fabal","publisher":{"@id":"https:\/\/academialuisatodi.pt\/teste2026\/#organization"},"potentialAction":[{"@type":"SearchAction","target":{"@type":"EntryPoint","urlTemplate":"https:\/\/academialuisatodi.pt\/teste2026\/?s={search_term_string}"},"query-input":{"@type":"PropertyValueSpecification","valueRequired":true,"valueName":"search_term_string"}}],"inLanguage":"pt-PT"},{"@type":"Organization","@id":"https:\/\/academialuisatodi.pt\/teste2026\/#organization","name":"Academia Luisa Todi","alternateName":"ALT","url":"https:\/\/academialuisatodi.pt\/teste2026\/","logo":{"@type":"ImageObject","inLanguage":"pt-PT","@id":"https:\/\/academialuisatodi.pt\/teste2026\/#\/schema\/logo\/image\/","url":"https:\/\/academialuisatodi.pt\/teste2026\/wp-content\/uploads\/2023\/11\/cropped-WEBSITE_Editaveis-03.png","contentUrl":"https:\/\/academialuisatodi.pt\/teste2026\/wp-content\/uploads\/2023\/11\/cropped-WEBSITE_Editaveis-03.png","width":354,"height":132,"caption":"Academia Luisa Todi"},"image":{"@id":"https:\/\/academialuisatodi.pt\/teste2026\/#\/schema\/logo\/image\/"},"sameAs":["https:\/\/www.facebook.com\/academialuisatodi\/","https:\/\/www.youtube.com\/user\/LuisaTodiAcademia","https:\/\/www.instagram.com\/academialuisatodi\/","https:\/\/issuu.com\/academialuisatodi"]}]}},"_links":{"self":[{"href":"https:\/\/academialuisatodi.pt\/teste2026\/wp-json\/wp\/v2\/pages\/16655","targetHints":{"allow":["GET"]}}],"collection":[{"href":"https:\/\/academialuisatodi.pt\/teste2026\/wp-json\/wp\/v2\/pages"}],"about":[{"href":"https:\/\/academialuisatodi.pt\/teste2026\/wp-json\/wp\/v2\/types\/page"}],"author":[{"embeddable":true,"href":"https:\/\/academialuisatodi.pt\/teste2026\/wp-json\/wp\/v2\/users\/5"}],"replies":[{"embeddable":true,"href":"https:\/\/academialuisatodi.pt\/teste2026\/wp-json\/wp\/v2\/comments?post=16655"}],"version-history":[{"count":3,"href":"https:\/\/academialuisatodi.pt\/teste2026\/wp-json\/wp\/v2\/pages\/16655\/revisions"}],"predecessor-version":[{"id":21031,"href":"https:\/\/academialuisatodi.pt\/teste2026\/wp-json\/wp\/v2\/pages\/16655\/revisions\/21031"}],"wp:featuredmedia":[{"embeddable":true,"href":"https:\/\/academialuisatodi.pt\/teste2026\/wp-json\/"}],"wp:attachment":[{"href":"https:\/\/academialuisatodi.pt\/teste2026\/wp-json\/wp\/v2\/media?parent=16655"}],"curies":[{"name":"wp","href":"https:\/\/api.w.org\/{rel}","templated":true}]}}