{"id":14147,"date":"2023-12-05T17:57:26","date_gmt":"2023-12-05T17:57:26","guid":{"rendered":"https:\/\/academialuisatodi.pt\/teste2026\/?page_id=14147"},"modified":"2026-03-26T15:45:46","modified_gmt":"2026-03-26T15:45:46","slug":"academia-luisa-todi-corpos-sociais","status":"publish","type":"page","link":"https:\/\/academialuisatodi.pt\/teste2026\/academia-luisa-todi-corpos-sociais\/","title":{"rendered":"Corpos Sociais"},"content":{"rendered":"\t\t<div data-elementor-type=\"wp-post\" data-elementor-id=\"14147\" class=\"elementor elementor-14147\" data-elementor-post-type=\"page\">\n\t\t\t\t\t\t<section data-particle_enable=\"false\" data-particle-mobile-disabled=\"false\" class=\"elementor-section elementor-top-section elementor-element elementor-element-ae58bac elementor-section-stretched elementor-section-boxed elementor-section-height-default elementor-section-height-default\" data-id=\"ae58bac\" data-element_type=\"section\" data-e-type=\"section\" data-settings=\"{&quot;background_background&quot;:&quot;classic&quot;,&quot;stretch_section&quot;:&quot;section-stretched&quot;}\">\n\t\t\t\t\t\t<div class=\"elementor-container elementor-column-gap-default\">\n\t\t\t\t\t<div class=\"elementor-column elementor-col-100 elementor-top-column elementor-element elementor-element-a0e84c2\" data-id=\"a0e84c2\" data-element_type=\"column\" data-e-type=\"column\">\n\t\t\t<div class=\"elementor-widget-wrap elementor-element-populated\">\n\t\t\t\t\t\t<section data-particle_enable=\"false\" data-particle-mobile-disabled=\"false\" class=\"elementor-section elementor-inner-section elementor-element elementor-element-0d7e320 elementor-section-boxed elementor-section-height-default elementor-section-height-default\" data-id=\"0d7e320\" data-element_type=\"section\" data-e-type=\"section\">\n\t\t\t\t\t\t<div class=\"elementor-container elementor-column-gap-default\">\n\t\t\t\t\t<div class=\"elementor-column elementor-col-33 elementor-inner-column elementor-element elementor-element-4caa2bc\" data-id=\"4caa2bc\" data-element_type=\"column\" data-e-type=\"column\">\n\t\t\t<div class=\"elementor-widget-wrap\">\n\t\t\t\t\t\t\t<\/div>\n\t\t<\/div>\n\t\t\t\t<div class=\"elementor-column elementor-col-33 elementor-inner-column elementor-element elementor-element-a1cff3c\" data-id=\"a1cff3c\" data-element_type=\"column\" data-e-type=\"column\">\n\t\t\t<div class=\"elementor-widget-wrap elementor-element-populated\">\n\t\t\t\t\t\t<div class=\"elementor-element elementor-element-6e22ff0 elementor-widget elementor-widget-text-editor\" data-id=\"6e22ff0\" data-element_type=\"widget\" data-e-type=\"widget\" data-widget_type=\"text-editor.default\">\n\t\t\t\t<div class=\"elementor-widget-container\">\n\t\t\t\t\t\t\t\t\t<p>ACADEMIA LU\u00cdSA TODI<\/p>\t\t\t\t\t\t\t\t<\/div>\n\t\t\t\t<\/div>\n\t\t\t\t<div class=\"elementor-element elementor-element-6b84e54 elementor-widget elementor-widget-heading\" data-id=\"6b84e54\" data-element_type=\"widget\" data-e-type=\"widget\" data-widget_type=\"heading.default\">\n\t\t\t\t<div class=\"elementor-widget-container\">\n\t\t\t\t\t<h2 class=\"elementor-heading-title elementor-size-default\">Corpos Sociais<\/h2>\t\t\t\t<\/div>\n\t\t\t\t<\/div>\n\t\t\t\t\t<\/div>\n\t\t<\/div>\n\t\t\t\t<div class=\"elementor-column elementor-col-33 elementor-inner-column elementor-element elementor-element-1a72ba3\" data-id=\"1a72ba3\" data-element_type=\"column\" data-e-type=\"column\">\n\t\t\t<div class=\"elementor-widget-wrap\">\n\t\t\t\t\t\t\t<\/div>\n\t\t<\/div>\n\t\t\t\t\t<\/div>\n\t\t<\/section>\n\t\t\t\t\t<\/div>\n\t\t<\/div>\n\t\t\t\t\t<\/div>\n\t\t<\/section>\n\t\t\t\t<section data-particle_enable=\"false\" data-particle-mobile-disabled=\"false\" class=\"elementor-section elementor-top-section elementor-element elementor-element-2f50870 elementor-section-stretched elementor-section-boxed elementor-section-height-default elementor-section-height-default\" data-id=\"2f50870\" data-element_type=\"section\" data-e-type=\"section\" data-settings=\"{&quot;background_background&quot;:&quot;classic&quot;,&quot;stretch_section&quot;:&quot;section-stretched&quot;}\">\n\t\t\t\t\t\t<div class=\"elementor-container elementor-column-gap-default\">\n\t\t\t\t\t<div class=\"elementor-column elementor-col-100 elementor-top-column elementor-element elementor-element-ea7960b\" data-id=\"ea7960b\" data-element_type=\"column\" data-e-type=\"column\">\n\t\t\t<div class=\"elementor-widget-wrap elementor-element-populated\">\n\t\t\t\t\t\t<div class=\"elementor-element elementor-element-26a183c elementor-widget elementor-widget-text-editor\" data-id=\"26a183c\" data-element_type=\"widget\" data-e-type=\"widget\" data-widget_type=\"text-editor.default\">\n\t\t\t\t<div class=\"elementor-widget-container\">\n\t\t\t\t\t\t\t\t\t<p>Na <strong>Academia Lu\u00edsa Todi<\/strong>, os corpos sociais desempenham um papel fundamental na promo\u00e7\u00e3o da excel\u00eancia no ensino art\u00edstico. Esta estrutura \u00e9 composta por professores e colaboradores comprometidos com a miss\u00e3o da academia.<\/p>\t\t\t\t\t\t\t\t<\/div>\n\t\t\t\t<\/div>\n\t\t\t\t<div class=\"elementor-element elementor-element-93875a9 eael-table-align-left eael-dt-th-align-left elementor-widget elementor-widget-eael-data-table\" data-id=\"93875a9\" data-element_type=\"widget\" data-e-type=\"widget\" data-widget_type=\"eael-data-table.default\">\n\t\t\t\t<div class=\"elementor-widget-container\">\n\t\t\t\t\t\t\t<div class=\"eael-data-table-wrap\" data-table_id=\"93875a9\" id=\"eael-data-table-wrapper-93875a9\" data-custom_responsive=\"false\">\n\t\t\t<table class=\"tablesorter eael-data-table left\" id=\"eael-data-table-93875a9\">\n\t\t\t    <thead>\n\t\t\t        <tr class=\"table-header\">\n\t\t\t\t\t\t\t\t\t            <th class=\" sorting\" id=\"\" colspan=\"2\">\n\t\t\t\t\t\t\t\t\t\t\t\t\t\t<span class=\"data-table-header-text\">Corpos sociais 2023\/2026<\/span><\/th>\n\t\t\t        \t\t\t\t        <\/tr>\n\t\t\t    <\/thead>\n\t\t\t  \t<tbody>\n\t\t\t\t\t\t\t\t\t\t\t<tr>\n\t\t\t\t\t\t\t\t\t\t\t\t\t\t\t\t   \t\t\t\t\t\t\t\t\t\t\t<td colspan=\"\" rowspan=\"\" class=\"\" id=\"\">\n\t\t\t\t\t\t\t\t\t\t\t\t<div class=\"td-content-wrapper\"><div class=\"td-content\">\n\t\t\t\t\t\t\t\t\t\t\t\t\tMesa da Assembleia Geral\n\t\t\t\t\t\t\t\t\t\t\t\t<\/div><\/div>\n\t\t\t\t\t\t\t\t\t\t\t<\/td>\n\t\t\t\t\t\t\t\t\t\t\t\t\t\t\t\t\t\t\t\t\t\t\t\t\t\t\t\t\t   \t\t\t\t\t\t\t\t\t\t\t<td colspan=\"\" rowspan=\"\" class=\"\" id=\"\">\n\t\t\t\t\t\t\t\t\t\t\t\t<div class=\"td-content-wrapper\"><div class=\"td-content\">\n\t\t\t\t\t\t\t\t\t\t\t\t\tPresidente: Jo\u00e3o Jos\u00e9 dos Reis Duarte <\/br>\nSecret\u00e1ria: Marta Sofia Pires Louro<\/br>\nSecret\u00e1ria: Marta Alexandra Silvares Areias\t\t\t\t\t\t\t\t\t\t\t\t<\/div><\/div>\n\t\t\t\t\t\t\t\t\t\t\t<\/td>\n\t\t\t\t\t\t\t\t\t\t\t\t\t\t\t\t\t\t\t\t\t\t\t\t\t\t<\/tr>\n\t\t\t        \t\t\t\t\t\t<tr>\n\t\t\t\t\t\t\t\t\t\t\t\t\t\t\t\t   \t\t\t\t\t\t\t\t\t\t\t<td colspan=\"\" rowspan=\"\" class=\"\" id=\"\">\n\t\t\t\t\t\t\t\t\t\t\t\t<div class=\"td-content-wrapper\"><div class=\"td-content\">\n\t\t\t\t\t\t\t\t\t\t\t\t\tDire\u00e7\u00e3o\t\t\t\t\t\t\t\t\t\t\t\t<\/div><\/div>\n\t\t\t\t\t\t\t\t\t\t\t<\/td>\n\t\t\t\t\t\t\t\t\t\t\t\t\t\t\t\t\t\t\t\t\t\t\t\t\t\t\t\t\t   \t\t\t\t\t\t\t\t\t\t\t<td colspan=\"\" rowspan=\"\" class=\"\" id=\"\">\n\t\t\t\t\t\t\t\t\t\t\t\t<div class=\"td-content-wrapper\"><div class=\"td-content\">\n\t\t\t\t\t\t\t\t\t\t\t\t\tPresidente: Rui Manuel Machado Praxedes <\/br>\nVogal: Tiago Manuel Rodrigues Pereira <\/br>\nVogal: Vera L\u00facia Ribeiro Tanqueiro Afonso <\/br>\nSuplente: Pedro Alexandre da Silva Alca\u00e7arenho Lu\u00eds <\/br>\nSuplente: M\u00f3nica Sofia Ramos Borges Santos <\/br>\t\t\t\t\t\t\t\t\t\t\t\t<\/div><\/div>\n\t\t\t\t\t\t\t\t\t\t\t<\/td>\n\t\t\t\t\t\t\t\t\t\t\t\t\t\t\t\t\t\t\t\t\t\t\t\t\t\t<\/tr>\n\t\t\t        \t\t\t\t\t\t<tr>\n\t\t\t\t\t\t\t\t\t\t\t\t\t\t\t\t   \t\t\t\t\t\t\t\t\t\t\t<td colspan=\"\" rowspan=\"\" class=\"\" id=\"\">\n\t\t\t\t\t\t\t\t\t\t\t\t<div class=\"td-content-wrapper\"><div class=\"td-content\">\n\t\t\t\t\t\t\t\t\t\t\t\t\tConselho Fiscal\n\t\t\t\t\t\t\t\t\t\t\t\t<\/div><\/div>\n\t\t\t\t\t\t\t\t\t\t\t<\/td>\n\t\t\t\t\t\t\t\t\t\t\t\t\t\t\t\t\t\t\t\t\t\t\t\t\t\t\t\t\t   \t\t\t\t\t\t\t\t\t\t\t<td colspan=\"\" rowspan=\"\" class=\"\" id=\"\">\n\t\t\t\t\t\t\t\t\t\t\t\t<div class=\"td-content-wrapper\"><div class=\"td-content\">\n\t\t\t\t\t\t\t\t\t\t\t\t\tSCJ \u2013 Sociedade de Revisores Oficiais de Contas <\/br>\nRepresentada por: Rog\u00e9rio Carlos Guedes Coelho\t\t\t\t\t\t\t\t\t\t\t\t<\/div><\/div>\n\t\t\t\t\t\t\t\t\t\t\t<\/td>\n\t\t\t\t\t\t\t\t\t\t\t\t\t\t\t\t\t\t\t\t\t\t\t\t\t\t<\/tr>\n\t\t\t        \t\t\t    <\/tbody>\n\t\t\t<\/table>\n\t\t<\/div>\n\t  \t\t\t\t\t<\/div>\n\t\t\t\t<\/div>\n\t\t\t\t\t<\/div>\n\t\t<\/div>\n\t\t\t\t\t<\/div>\n\t\t<\/section>\n\t\t\t\t<section data-particle_enable=\"false\" data-particle-mobile-disabled=\"false\" class=\"elementor-section elementor-top-section elementor-element elementor-element-f699b4f elementor-section-stretched elementor-section-boxed elementor-section-height-default elementor-section-height-default\" data-id=\"f699b4f\" data-element_type=\"section\" data-e-type=\"section\" data-settings=\"{&quot;background_background&quot;:&quot;classic&quot;,&quot;stretch_section&quot;:&quot;section-stretched&quot;}\">\n\t\t\t\t\t\t<div class=\"elementor-container elementor-column-gap-default\">\n\t\t\t\t\t<div class=\"elementor-column elementor-col-50 elementor-top-column elementor-element elementor-element-612b925\" data-id=\"612b925\" data-element_type=\"column\" data-e-type=\"column\">\n\t\t\t<div class=\"elementor-widget-wrap elementor-element-populated\">\n\t\t\t\t\t\t<div class=\"elementor-element elementor-element-2e68f57 elementor-widget elementor-widget-text-editor\" data-id=\"2e68f57\" data-element_type=\"widget\" data-e-type=\"widget\" data-widget_type=\"text-editor.default\">\n\t\t\t\t<div class=\"elementor-widget-container\">\n\t\t\t\t\t\t\t\t\t<p>ESCOLHA A ACADEMIA CERTA<\/p>\t\t\t\t\t\t\t\t<\/div>\n\t\t\t\t<\/div>\n\t\t\t\t<div class=\"elementor-element elementor-element-ddf3e92 elementor-widget elementor-widget-heading\" data-id=\"ddf3e92\" data-element_type=\"widget\" data-e-type=\"widget\" data-widget_type=\"heading.default\">\n\t\t\t\t<div class=\"elementor-widget-container\">\n\t\t\t\t\t<h4 class=\"elementor-heading-title elementor-size-default\">O futuro do seu filho come\u00e7a aqui<\/h4>\t\t\t\t<\/div>\n\t\t\t\t<\/div>\n\t\t\t\t\t<\/div>\n\t\t<\/div>\n\t\t\t\t<div class=\"elementor-column elementor-col-50 elementor-top-column elementor-element elementor-element-e957423\" data-id=\"e957423\" data-element_type=\"column\" data-e-type=\"column\">\n\t\t\t<div class=\"elementor-widget-wrap elementor-element-populated\">\n\t\t\t\t\t\t<section data-particle_enable=\"false\" data-particle-mobile-disabled=\"false\" class=\"elementor-section elementor-inner-section elementor-element elementor-element-a98b093 elementor-section-boxed elementor-section-height-default elementor-section-height-default\" data-id=\"a98b093\" data-element_type=\"section\" data-e-type=\"section\">\n\t\t\t\t\t\t<div class=\"elementor-container elementor-column-gap-no\">\n\t\t\t\t\t<div class=\"elementor-column elementor-col-50 elementor-inner-column elementor-element elementor-element-e92e075\" data-id=\"e92e075\" data-element_type=\"column\" data-e-type=\"column\">\n\t\t\t<div class=\"elementor-widget-wrap elementor-element-populated\">\n\t\t\t\t\t\t<div class=\"elementor-element elementor-element-34a23ae elementor-align-center elementor-widget elementor-widget-elementskit-button\" data-id=\"34a23ae\" data-element_type=\"widget\" data-e-type=\"widget\" data-widget_type=\"elementskit-button.default\">\n\t\t\t\t<div class=\"elementor-widget-container\">\n\t\t\t\t\t<div class=\"ekit-wid-con\" >\t\t<div class=\"ekit-btn-wraper\">\n\t\t\t\t\t\t\t<a href=\"https:\/\/academialuisatodi.pt\/teste2026\/marcacao-de-visitas\/\" class=\"elementskit-btn  whitespace--normal\" id=\"\">\n\t\t\t\t\tAGENDAR VISITA<svg class=\"fas ekit-svg-icon icon-arrow-right\" viewBox=\"0 0 32 32\" xmlns=\"http:\/\/www.w3.org\/2000\/svg\"><path d=\"M30.966 16.234l-9.6-9.6c-0.312-0.312-0.819-0.312-1.131 0s-0.312 0.819 0 1.131l8.234 8.234h-26.069c-0.442 0-0.8 0.358-0.8 0.8s0.358 0.8 0.8 0.8h26.069l-8.234 8.234c-0.312 0.312-0.312 0.819 0 1.131 0.156 0.156 0.361 0.234 0.566 0.234s0.409-0.078 0.566-0.234l9.6-9.6c0.312-0.312 0.312-0.819 0-1.131z\"><\/path><\/svg>\t\t\t\t<\/a>\n\t\t\t\t\t<\/div>\n        <\/div>\t\t\t\t<\/div>\n\t\t\t\t<\/div>\n\t\t\t\t\t<\/div>\n\t\t<\/div>\n\t\t\t\t<div class=\"elementor-column elementor-col-50 elementor-inner-column elementor-element elementor-element-ae8f70e\" data-id=\"ae8f70e\" data-element_type=\"column\" data-e-type=\"column\">\n\t\t\t<div class=\"elementor-widget-wrap elementor-element-populated\">\n\t\t\t\t\t\t<div class=\"elementor-element elementor-element-d71e529 elementor-align-center elementor-widget elementor-widget-elementskit-button\" data-id=\"d71e529\" data-element_type=\"widget\" data-e-type=\"widget\" data-widget_type=\"elementskit-button.default\">\n\t\t\t\t<div class=\"elementor-widget-container\">\n\t\t\t\t\t<div class=\"ekit-wid-con\" >\t\t<div class=\"ekit-btn-wraper\">\n\t\t\t\t\t\t\t<a href=\"https:\/\/academialuisatodi.pt\/teste2026\/inscricoes-e-precario\/\" class=\"elementskit-btn  whitespace--normal\" id=\"\">\n\t\t\t\t\tFAZER PR\u00c9-INSCRI\u00c7\u00c3O<svg class=\"fas ekit-svg-icon icon-arrow-right\" viewBox=\"0 0 32 32\" xmlns=\"http:\/\/www.w3.org\/2000\/svg\"><path d=\"M30.966 16.234l-9.6-9.6c-0.312-0.312-0.819-0.312-1.131 0s-0.312 0.819 0 1.131l8.234 8.234h-26.069c-0.442 0-0.8 0.358-0.8 0.8s0.358 0.8 0.8 0.8h26.069l-8.234 8.234c-0.312 0.312-0.312 0.819 0 1.131 0.156 0.156 0.361 0.234 0.566 0.234s0.409-0.078 0.566-0.234l9.6-9.6c0.312-0.312 0.312-0.819 0-1.131z\"><\/path><\/svg>\t\t\t\t<\/a>\n\t\t\t\t\t<\/div>\n        <\/div>\t\t\t\t<\/div>\n\t\t\t\t<\/div>\n\t\t\t\t\t<\/div>\n\t\t<\/div>\n\t\t\t\t\t<\/div>\n\t\t<\/section>\n\t\t\t\t\t<\/div>\n\t\t<\/div>\n\t\t\t\t\t<\/div>\n\t\t<\/section>\n\t\t\t\t<\/div>\n\t\t","protected":false},"excerpt":{"rendered":"<p>ACADEMIA LU\u00cdSA TODI Corpos Sociais Na Academia Lu\u00edsa Todi, os&hellip;<\/p>\n<p> <a class=\"more-link\" href=\"https:\/\/academialuisatodi.pt\/teste2026\/academia-luisa-todi-corpos-sociais\/\">Read more<\/a><\/p>\n","protected":false},"author":5,"featured_media":1,"parent":0,"menu_order":0,"comment_status":"closed","ping_status":"closed","template":"","meta":{"footnotes":""},"class_list":["post-14147","page","type-page","status-publish","has-post-thumbnail"],"yoast_head":"<!-- This site is optimized with the Yoast SEO plugin v27.3 - https:\/\/yoast.com\/product\/yoast-seo-wordpress\/ -->\n<title>Corpos Sociais - Academia Lu\u00edsa Todi<\/title>\n<meta name=\"description\" content=\"Conhe\u00e7a os corpos sociais da Academia Lu\u00edsa Todi, composta por professores dedicados \u00e0 excel\u00eancia no ensino art\u00edstico.\" \/>\n<meta name=\"robots\" content=\"index, follow, max-snippet:-1, max-image-preview:large, max-video-preview:-1\" \/>\n<link rel=\"canonical\" href=\"https:\/\/academialuisatodi.pt\/teste2026\/academia-luisa-todi-corpos-sociais\/\" \/>\n<meta property=\"og:locale\" content=\"pt_PT\" \/>\n<meta property=\"og:type\" content=\"article\" \/>\n<meta property=\"og:title\" content=\"Corpos Sociais - Academia Lu\u00edsa Todi\" \/>\n<meta property=\"og:description\" content=\"Conhe\u00e7a os corpos sociais da Academia Lu\u00edsa Todi, composta por professores dedicados \u00e0 excel\u00eancia no ensino art\u00edstico.\" \/>\n<meta property=\"og:url\" content=\"https:\/\/academialuisatodi.pt\/teste2026\/academia-luisa-todi-corpos-sociais\/\" \/>\n<meta property=\"og:site_name\" content=\"Academia Lu\u00edsa Todi\" \/>\n<meta property=\"article:publisher\" content=\"https:\/\/www.facebook.com\/academialuisatodi\/\" \/>\n<meta property=\"article:modified_time\" content=\"2026-03-26T15:45:46+00:00\" \/>\n<meta name=\"twitter:card\" content=\"summary_large_image\" \/>\n<meta name=\"twitter:label1\" content=\"Tempo estimado de leitura\" \/>\n\t<meta name=\"twitter:data1\" content=\"1 minuto\" \/>\n<script type=\"application\/ld+json\" class=\"yoast-schema-graph\">{\"@context\":\"https:\\\/\\\/schema.org\",\"@graph\":[{\"@type\":\"WebPage\",\"@id\":\"https:\\\/\\\/academialuisatodi.pt\\\/teste2026\\\/academia-luisa-todi-corpos-sociais\\\/\",\"url\":\"https:\\\/\\\/academialuisatodi.pt\\\/teste2026\\\/academia-luisa-todi-corpos-sociais\\\/\",\"name\":\"Corpos Sociais - Academia Lu\u00edsa Todi\",\"isPartOf\":{\"@id\":\"https:\\\/\\\/academialuisatodi.pt\\\/teste2026\\\/#website\"},\"primaryImageOfPage\":{\"@id\":\"https:\\\/\\\/academialuisatodi.pt\\\/teste2026\\\/academia-luisa-todi-corpos-sociais\\\/#primaryimage\"},\"image\":{\"@id\":\"https:\\\/\\\/academialuisatodi.pt\\\/teste2026\\\/academia-luisa-todi-corpos-sociais\\\/#primaryimage\"},\"thumbnailUrl\":\"\",\"datePublished\":\"2023-12-05T17:57:26+00:00\",\"dateModified\":\"2026-03-26T15:45:46+00:00\",\"description\":\"Conhe\u00e7a os corpos sociais da Academia Lu\u00edsa Todi, composta por professores dedicados \u00e0 excel\u00eancia no ensino art\u00edstico.\",\"breadcrumb\":{\"@id\":\"https:\\\/\\\/academialuisatodi.pt\\\/teste2026\\\/academia-luisa-todi-corpos-sociais\\\/#breadcrumb\"},\"inLanguage\":\"pt-PT\",\"potentialAction\":[{\"@type\":\"ReadAction\",\"target\":[\"https:\\\/\\\/academialuisatodi.pt\\\/teste2026\\\/academia-luisa-todi-corpos-sociais\\\/\"]}]},{\"@type\":\"ImageObject\",\"inLanguage\":\"pt-PT\",\"@id\":\"https:\\\/\\\/academialuisatodi.pt\\\/teste2026\\\/academia-luisa-todi-corpos-sociais\\\/#primaryimage\",\"url\":\"\",\"contentUrl\":\"\"},{\"@type\":\"BreadcrumbList\",\"@id\":\"https:\\\/\\\/academialuisatodi.pt\\\/teste2026\\\/academia-luisa-todi-corpos-sociais\\\/#breadcrumb\",\"itemListElement\":[{\"@type\":\"ListItem\",\"position\":1,\"name\":\"In\u00edcio\",\"item\":\"https:\\\/\\\/academialuisatodi.pt\\\/teste2026\\\/\"},{\"@type\":\"ListItem\",\"position\":2,\"name\":\"Corpos Sociais\"}]},{\"@type\":\"WebSite\",\"@id\":\"https:\\\/\\\/academialuisatodi.pt\\\/teste2026\\\/#website\",\"url\":\"https:\\\/\\\/academialuisatodi.pt\\\/teste2026\\\/\",\"name\":\"Academia Lu\u00edsa Todi\",\"description\":\"Academia de M\u00fasica e Belas Artes em Set\u00fabal\",\"publisher\":{\"@id\":\"https:\\\/\\\/academialuisatodi.pt\\\/teste2026\\\/#organization\"},\"potentialAction\":[{\"@type\":\"SearchAction\",\"target\":{\"@type\":\"EntryPoint\",\"urlTemplate\":\"https:\\\/\\\/academialuisatodi.pt\\\/teste2026\\\/?s={search_term_string}\"},\"query-input\":{\"@type\":\"PropertyValueSpecification\",\"valueRequired\":true,\"valueName\":\"search_term_string\"}}],\"inLanguage\":\"pt-PT\"},{\"@type\":\"Organization\",\"@id\":\"https:\\\/\\\/academialuisatodi.pt\\\/teste2026\\\/#organization\",\"name\":\"Academia Luisa Todi\",\"alternateName\":\"ALT\",\"url\":\"https:\\\/\\\/academialuisatodi.pt\\\/teste2026\\\/\",\"logo\":{\"@type\":\"ImageObject\",\"inLanguage\":\"pt-PT\",\"@id\":\"https:\\\/\\\/academialuisatodi.pt\\\/teste2026\\\/#\\\/schema\\\/logo\\\/image\\\/\",\"url\":\"https:\\\/\\\/academialuisatodi.pt\\\/teste2026\\\/wp-content\\\/uploads\\\/2023\\\/11\\\/cropped-WEBSITE_Editaveis-03.png\",\"contentUrl\":\"https:\\\/\\\/academialuisatodi.pt\\\/teste2026\\\/wp-content\\\/uploads\\\/2023\\\/11\\\/cropped-WEBSITE_Editaveis-03.png\",\"width\":354,\"height\":132,\"caption\":\"Academia Luisa Todi\"},\"image\":{\"@id\":\"https:\\\/\\\/academialuisatodi.pt\\\/teste2026\\\/#\\\/schema\\\/logo\\\/image\\\/\"},\"sameAs\":[\"https:\\\/\\\/www.facebook.com\\\/academialuisatodi\\\/\",\"https:\\\/\\\/www.youtube.com\\\/user\\\/LuisaTodiAcademia\",\"https:\\\/\\\/www.instagram.com\\\/academialuisatodi\\\/\",\"https:\\\/\\\/issuu.com\\\/academialuisatodi\"]}]}<\/script>\n<!-- \/ Yoast SEO plugin. -->","yoast_head_json":{"title":"Corpos Sociais - Academia Lu\u00edsa Todi","description":"Conhe\u00e7a os corpos sociais da Academia Lu\u00edsa Todi, composta por professores dedicados \u00e0 excel\u00eancia no ensino art\u00edstico.","robots":{"index":"index","follow":"follow","max-snippet":"max-snippet:-1","max-image-preview":"max-image-preview:large","max-video-preview":"max-video-preview:-1"},"canonical":"https:\/\/academialuisatodi.pt\/teste2026\/academia-luisa-todi-corpos-sociais\/","og_locale":"pt_PT","og_type":"article","og_title":"Corpos Sociais - Academia Lu\u00edsa Todi","og_description":"Conhe\u00e7a os corpos sociais da Academia Lu\u00edsa Todi, composta por professores dedicados \u00e0 excel\u00eancia no ensino art\u00edstico.","og_url":"https:\/\/academialuisatodi.pt\/teste2026\/academia-luisa-todi-corpos-sociais\/","og_site_name":"Academia Lu\u00edsa Todi","article_publisher":"https:\/\/www.facebook.com\/academialuisatodi\/","article_modified_time":"2026-03-26T15:45:46+00:00","twitter_card":"summary_large_image","twitter_misc":{"Tempo estimado de leitura":"1 minuto"},"schema":{"@context":"https:\/\/schema.org","@graph":[{"@type":"WebPage","@id":"https:\/\/academialuisatodi.pt\/teste2026\/academia-luisa-todi-corpos-sociais\/","url":"https:\/\/academialuisatodi.pt\/teste2026\/academia-luisa-todi-corpos-sociais\/","name":"Corpos Sociais - Academia Lu\u00edsa Todi","isPartOf":{"@id":"https:\/\/academialuisatodi.pt\/teste2026\/#website"},"primaryImageOfPage":{"@id":"https:\/\/academialuisatodi.pt\/teste2026\/academia-luisa-todi-corpos-sociais\/#primaryimage"},"image":{"@id":"https:\/\/academialuisatodi.pt\/teste2026\/academia-luisa-todi-corpos-sociais\/#primaryimage"},"thumbnailUrl":"","datePublished":"2023-12-05T17:57:26+00:00","dateModified":"2026-03-26T15:45:46+00:00","description":"Conhe\u00e7a os corpos sociais da Academia Lu\u00edsa Todi, composta por professores dedicados \u00e0 excel\u00eancia no ensino art\u00edstico.","breadcrumb":{"@id":"https:\/\/academialuisatodi.pt\/teste2026\/academia-luisa-todi-corpos-sociais\/#breadcrumb"},"inLanguage":"pt-PT","potentialAction":[{"@type":"ReadAction","target":["https:\/\/academialuisatodi.pt\/teste2026\/academia-luisa-todi-corpos-sociais\/"]}]},{"@type":"ImageObject","inLanguage":"pt-PT","@id":"https:\/\/academialuisatodi.pt\/teste2026\/academia-luisa-todi-corpos-sociais\/#primaryimage","url":"","contentUrl":""},{"@type":"BreadcrumbList","@id":"https:\/\/academialuisatodi.pt\/teste2026\/academia-luisa-todi-corpos-sociais\/#breadcrumb","itemListElement":[{"@type":"ListItem","position":1,"name":"In\u00edcio","item":"https:\/\/academialuisatodi.pt\/teste2026\/"},{"@type":"ListItem","position":2,"name":"Corpos Sociais"}]},{"@type":"WebSite","@id":"https:\/\/academialuisatodi.pt\/teste2026\/#website","url":"https:\/\/academialuisatodi.pt\/teste2026\/","name":"Academia Lu\u00edsa Todi","description":"Academia de M\u00fasica e Belas Artes em Set\u00fabal","publisher":{"@id":"https:\/\/academialuisatodi.pt\/teste2026\/#organization"},"potentialAction":[{"@type":"SearchAction","target":{"@type":"EntryPoint","urlTemplate":"https:\/\/academialuisatodi.pt\/teste2026\/?s={search_term_string}"},"query-input":{"@type":"PropertyValueSpecification","valueRequired":true,"valueName":"search_term_string"}}],"inLanguage":"pt-PT"},{"@type":"Organization","@id":"https:\/\/academialuisatodi.pt\/teste2026\/#organization","name":"Academia Luisa Todi","alternateName":"ALT","url":"https:\/\/academialuisatodi.pt\/teste2026\/","logo":{"@type":"ImageObject","inLanguage":"pt-PT","@id":"https:\/\/academialuisatodi.pt\/teste2026\/#\/schema\/logo\/image\/","url":"https:\/\/academialuisatodi.pt\/teste2026\/wp-content\/uploads\/2023\/11\/cropped-WEBSITE_Editaveis-03.png","contentUrl":"https:\/\/academialuisatodi.pt\/teste2026\/wp-content\/uploads\/2023\/11\/cropped-WEBSITE_Editaveis-03.png","width":354,"height":132,"caption":"Academia Luisa Todi"},"image":{"@id":"https:\/\/academialuisatodi.pt\/teste2026\/#\/schema\/logo\/image\/"},"sameAs":["https:\/\/www.facebook.com\/academialuisatodi\/","https:\/\/www.youtube.com\/user\/LuisaTodiAcademia","https:\/\/www.instagram.com\/academialuisatodi\/","https:\/\/issuu.com\/academialuisatodi"]}]}},"_links":{"self":[{"href":"https:\/\/academialuisatodi.pt\/teste2026\/wp-json\/wp\/v2\/pages\/14147","targetHints":{"allow":["GET"]}}],"collection":[{"href":"https:\/\/academialuisatodi.pt\/teste2026\/wp-json\/wp\/v2\/pages"}],"about":[{"href":"https:\/\/academialuisatodi.pt\/teste2026\/wp-json\/wp\/v2\/types\/page"}],"author":[{"embeddable":true,"href":"https:\/\/academialuisatodi.pt\/teste2026\/wp-json\/wp\/v2\/users\/5"}],"replies":[{"embeddable":true,"href":"https:\/\/academialuisatodi.pt\/teste2026\/wp-json\/wp\/v2\/comments?post=14147"}],"version-history":[{"count":9,"href":"https:\/\/academialuisatodi.pt\/teste2026\/wp-json\/wp\/v2\/pages\/14147\/revisions"}],"predecessor-version":[{"id":20789,"href":"https:\/\/academialuisatodi.pt\/teste2026\/wp-json\/wp\/v2\/pages\/14147\/revisions\/20789"}],"wp:featuredmedia":[{"embeddable":true,"href":"https:\/\/academialuisatodi.pt\/teste2026\/wp-json\/"}],"wp:attachment":[{"href":"https:\/\/academialuisatodi.pt\/teste2026\/wp-json\/wp\/v2\/media?parent=14147"}],"curies":[{"name":"wp","href":"https:\/\/api.w.org\/{rel}","templated":true}]}}